 4*f - s. What is the remainder when (-10)/(-1470)*14 - 922/(-21) is divided by c?
8
Let i = 2395 - 2237. What is the remainder when 207 is divided by i?
49
Suppose 5*v - 649 = 941. What is the remainder when v is divided by 70?
38
Let q be -7 + (266 - 25/5). Suppose 0 = -7*m - q + 303. Calculate the remainder when 214 is divided by m.
4
Let j = 48 + -71. Let z = j - -25. Calculate the remainder when 17 is divided by 4/z - (-26 - -22).
5
Let p(b) = -b**3 - 43*b**2 + 32*b - 465. What is the remainder when 262 is divided by p(-44)?
10
Suppose 2*o = -3*x + 76, o = 3*x + 25 - 113. Suppose 5*w = -x + 13. What is the remainder when 1 is divided by ((-2)/6)/(1 - (-4)/w)?
0
Let t be (0 - -5)*(-8 + 9). Suppose 0 = -4*g - 4*c - 304, 2*g + 0*c - t*c + 166 = 0. Let v = -65 - g. Calculate the remainder when 23 is divided by v.
10
Let p = -6866 - -6874. Calculate the remainder when 680 is divided by p.
0
Suppose 372 = -6*b - 6*b. Suppose 4*i = -12, 4*i + 276 = q - 5*q. Let n = b - q. Calculate the remainder when n is divided by 19.
16
Let i = 4854 + -4845. Calculate the remainder when 23 is divided by i.
5
Suppose 0 = c - 4*j - 2739, -778 + 8869 = 3*c + 2*j. What is the remainder when c is divided by 41?
38
Let h be (-108 - (5 - 4))*(-2)/(-2). Let s = h + 104. What is the remainder when 3254/26 - ((-50)/65)/s is divided by 16?
13
Let a = 320 + -164. What is the remainder when 541 is divided by a?
73
Let p = -40 + 120. What is the remainder when p is divided by (-1)/((-1)/(-76))*(-88)/352?
4
Suppose -3*w + 3*q = -8*w + 80, 4*w = 4*q + 64. Suppose 37*k - 180 = 34*k. What is the remainder when k is divided by w?
12
Let f(t) = 51*t**2 + 12*t - 3. Let m be f(7). Suppose 8*w + m = 28*w. What is the remainder when w is divided by 12?
9
Suppose -4*r - 2*j + 26 = 0, -4*r - j = -6*j - 33. Calculate the remainder when 1179 is divided by r.
3
Let l(n) = n**2 + 22*n + 7. Let j be l(-9). Let s = -20 - j. Calculate the remainder when s is divided by 46.
44
Let c = 62 + -35. Suppose 4*v - 14 = -5*x + 37, 2*x - c = 5*v. Suppose -4*z + 9 = -x, -5*h - z + 630 = 0. Calculate the remainder when h is divided by 32.
29
Let q = 333 + -326. Suppose q*v = 634 + 3. What is the remainder when 544 is divided by v?
89
Let s(k) = 3*k**2 + 25*k + 97. What is the remainder when s(-13) is divided by 1/(-2)*12 + 41?
34
Suppose -g = 4*l - 125, -5*g - 41 = -l - 2*g. Suppose 16 = -4*s, -6*s = -2*z - s + 28. What is the remainder when l is divided by z?
0
Calculate the remainder when -11 + -19 - -14 - -106 is divided by 17.
5
Suppose -3*y + 3*u - 814 = -2*u, 2*y = -u - 521. Let f = y + 374. Calculate the remainder when f is divided by 38.
35
What is the remainder when 168 is divided by (-3)/(-2) + ((-3379)/2)/(-31) + 5?
46
Let v(k) = k**2 + k + 1. Let x be v(-4). Let n = -13 + x. Suppose j = 5*l + 48, -3*l + 0 - 15 = n. Calculate the remainder when j is divided by 6.
5
Let a(z) = 110*z**2 + 24*z - 68. Calculate the remainder when a(3) is divided by 321.
31
Suppose -17 = 12*o - 29. What is the remainder when 135/o + (30 - 30) is divided by 23?
20
Let z = -280 + 409. Calculate the remainder when 170 is divided by -2*(-10)/35 - z/(-7).
18
Suppose 5*s - 513 = -7*s + 291. Calculate the remainder when 272 is divided by s.
4
Suppose -122*r - 9 = -125*r. Let k(f) = -f**2 + 5*f - 1. Let m be k(4). Suppose 66 = 5*o - 0*o - m*d, 10 = -5*d. What is the remainder when o is divided by r?
0
Let h(p) = 151*p + 2754. What is the remainder when 1077 is divided by h(-18)?
33
Let z(h) = 11 - 21*h + 14*h - 21 - 16*h. Calculate the remainder when 34 is divided by z(-1).
8
What is the remainder when (((-12474)/35)/9)/(90/(-2475)) is divided by 26?
23
Suppose -38*t - 167 = -40*t + 5*q, -5*q + 188 = 3*t. Let n(x) = -11*x + 2. Calculate the remainder when t is divided by n(-2).
23
Let o(v) = -554*v - 1104. Calculate the remainder when 275 is divided by o(-2).
3
Let v(d) = d**2 - 9*d + 18. Let f be v(-8). Let u = f - 138. Calculate the remainder when 25 is divided by u.
9
Let w(j) = -4*j + 358. Calculate the remainder when w(-31) is divided by 17.
6
Let u(n) = 1 - 4 + 0 - n**2 + 8*n. Suppose 6269 - 2597 + 5827 = 2641*p - 1065. Calculate the remainder when p is divided by u(7).
0
Let o = 693 + -681. Let s = 6 - 5. Let t(c) = 72*c - 2. What is the remainder when t(s) is divided by o?
10
Let m = 1260 + -1241. Let w = 30 + -25. Calculate the remainder when m is divided by w.
4
Let b(q) = -148*q**2 + 1192*q - 10. What is the remainder when 482 is divided by b(8)?
50
Let j(c) = -6*c**2 - 113*c - 81. What is the remainder when j(-16) is divided by 98?
93
Let h(y) = 5*y**2 + 498*y - 173. Let l be -2 + 0 - -3 - 1. Suppose 0*s + 3*s - 18 = l. Calculate the remainder when h(-100) is divided by s.
3
Let o = -1641 - -2630. What is the remainder when o is divided by 31?
28
Suppose 0 = 2*p - 6, 4*q - 135 = -5*p. Suppose -q = -z - 3*f, f - 3 = 2. Suppose 19*j - 224 = z*j. What is the remainder when j is divided by 16?
8
Let v be 2/(-12) + 875/(-42). Calculate the remainder when v + 116 - (-7)/1 is divided by 31.
9
Suppose -3*m = 14 - 26. Suppose 0 = -2*d + 3*c + c - 2, -d + 5 = m*c. What is the remainder when 124 is divided by ((-12)/d)/(78/(-208))?
28
Let u = 211 - 181. Let a(q) = -q**3 + 31*q**2 - 30*q + 23. Calculate the remainder when a(u) is divided by 22.
1
Suppose -50*r = -54*r + 280. Let h = 36 + -21. What is the remainder when r is divided by h?
10
Calculate the remainder when ((-3)/(-2))/(9/444) is divided by ((-6)/(-4))/(3/43) + 2061/4122.
8
Let b = -88 - -109. Let k = 28 - b. Calculate the remainder when 25 - 1 - (-1 - 2/(-1)) is divided by k.
2
Suppose x - 204 = 283. Suppose -7*s + 6*s = -2*g + 334, 3*g - x = -2*s. Calculate the remainder when g is divided by 30.
15
Let j(l) = 12*l**2 - l - 10. Suppose m - 28 = 2*m. Let h = m + 31. What is the remainder when j(h) is divided by 12?
11
Let k(l) = 10*l + 30. Let a be k(-3). Calculate the remainder when 131 is divided by (a - 18)/(-3)*(28 + -24).
11
Suppose 2*r = 6, 0 = -t + r - 0*r + 23. Suppose -t*g - 34 = -27*g. Calculate the remainder when 99 is divided by g.
31
Suppose 5*p - 888 = 412. Let x be (-134)/26 + 40/p. What is the remainder when 4/x*(2 + (-627)/6) is divided by 14?
12
Calculate the remainder when (-110)/(-22) - 43*-19 is divided by 60.
42
Let b(a) = a. Let i be (-5)/((-1)/(-18) + 1/(-3)). Suppose i*n = -12 + 30. What is the remainder when b(2) is divided by n?
0
Suppose -26*a = -22*a + 88. Let z = 294 + -256. What is the remainder when z is divided by -5 + 3 - a*1?
18
Let t be 4 + 1*(-10 + 3). What is the remainder when 973/21 + 2/(-6) is divided by ((-6)/t - 1)/((-7)/(-168))?
22
Let v(l) = -l**3 + 13*l**2 - 14*l + 22. Let f be v(12). Calculate the remainder when 55 is divided by 31 - f*(0 + -1).
26
Let w(k) = k**2 + 6*k + 2. Let p be w(0). Let a = 122 + -61. Suppose 0 = h + h + 3*v - a, -125 = -5*h - p*v. Calculate the remainder when 89 is divided by h.
20
Suppose 21*r - 12*r = 567. Suppose 2 = 5*f - r. Suppose 0 = 3*c + 5*i - 49, -5*c = 2*i - 108 + 1. Calculate the remainder when c is divided by f.
10
Let x(s) = s - 3. Let l be x(6). Let t(y) = -4*y + 1. Let z be t(l). Let n = z - -38. Calculate the remainder when n is divided by 5.
2
Let a be 6/5*15/9. Suppose -4*j - 3*g = 89, -3*j = a*j - 3*g + 91. What is the remainder when ((-39)/(-2) - -3)*j/(-6) is divided by 19?
18
Let f = 193130 - 192789. Let x(k) = 2*k**3 - 2*k**2 + 4*k + 1. What is the remainder when f is divided by x(3)?
47
Suppose 3*f - 1 = -2*u, -2*u + 0*u = 5*f - 7. Let a(h) = -25 - h + f*h + 8 - 8. Calculate the remainder when 43 is divided by a(21).
9
What is the remainder when 2814 is divided by 6/27 - (-11726)/369?
30
Suppose 0*f + 8*f = 112. Suppose -y - f = -30. Calculate the remainder when 302 is divided by y.
14
Suppose 119 = y + 2*i, -3*y = -2*i - 398 + 1. Calculate the remainder when 5285 is divided by y.
125
Let g(k) = 12*k**3 - 226*k**2 - 29*k + 6. Calculate the remainder when 190 is divided by g(19).
13
Suppose 236 = 5*w + 4*m, -29*w + 4*m + 100 = -27*w. Calculate the remainder when 218 is divided by w.
26
Let l(z) = -4*z + 4. What is the remainder when 0 + -29 + (-2324)/(-14) is divided by l(-6)?
25
Suppose 4*d - 42 = 2*y, 3*d + 52 = 7*d - 4*y. Let b be (0 + 1)/(d*2/272). Let v(p